{"id":1870,"date":"2025-09-05T12:32:17","date_gmt":"2025-09-05T12:32:17","guid":{"rendered":"https:\/\/web.urobosque.com\/web\/?page_id=1870"},"modified":"2026-02-18T13:35:19","modified_gmt":"2026-02-18T13:35:19","slug":"elementor-1870","status":"publish","type":"page","link":"https:\/\/web.urobosque.com\/web\/elementor-1870\/","title":{"rendered":"Blog Uroboque"},"content":{"rendered":"\t\t<div data-elementor-type=\"wp-page\" data-elementor-id=\"1870\" class=\"elementor elementor-1870\">\n\t\t\t\t\t\t<section class=\"elementor-section elementor-top-section elementor-element elementor-element-63c6ec9 elementor-section-boxed elementor-section-height-default elementor-section-height-default\" data-id=\"63c6ec9\" data-element_type=\"section\" data-e-type=\"section\">\n\t\t\t\t\t\t<div class=\"elementor-container elementor-column-gap-default\">\n\t\t\t\t\t<div class=\"elementor-column elementor-col-100 elementor-top-column elementor-element elementor-element-ae737e0\" data-id=\"ae737e0\" data-element_type=\"column\" data-e-type=\"column\">\n\t\t\t<div class=\"elementor-widget-wrap elementor-element-populated\">\n\t\t\t\t\t\t<div class=\"elementor-element elementor-element-b6c546e elementor-widget elementor-widget-image\" data-id=\"b6c546e\" data-element_type=\"widget\" data-e-type=\"widget\" data-widget_type=\"image.default\">\n\t\t\t\t<div class=\"elementor-widget-container\">\n\t\t\t\t\t\t\t\t\t\t\t\t\t\t\t<img fetchpriority=\"high\" decoding=\"async\" width=\"1024\" height=\"290\" src=\"https:\/\/web.urobosque.com\/web\/wp-content\/uploads\/2025\/09\/BLOG.jpg\" class=\"attachment-large size-large wp-image-1953\" alt=\"\" srcset=\"https:\/\/web.urobosque.com\/web\/wp-content\/uploads\/2025\/09\/BLOG.jpg 1024w, https:\/\/web.urobosque.com\/web\/wp-content\/uploads\/2025\/09\/BLOG-300x85.jpg 300w, https:\/\/web.urobosque.com\/web\/wp-content\/uploads\/2025\/09\/BLOG-768x218.jpg 768w\" sizes=\"(max-width: 1024px) 100vw, 1024px\" \/>\t\t\t\t\t\t\t\t\t\t\t\t\t\t\t<\/div>\n\t\t\t\t<\/div>\n\t\t\t\t\t<\/div>\n\t\t<\/div>\n\t\t\t\t\t<\/div>\n\t\t<\/section>\n\t\t\t\t<section class=\"elementor-section elementor-top-section elementor-element elementor-element-5ea59b1 elementor-section-boxed elementor-section-height-default elementor-section-height-default\" data-id=\"5ea59b1\" data-element_type=\"section\" data-e-type=\"section\">\n\t\t\t\t\t\t<div class=\"elementor-container elementor-column-gap-default\">\n\t\t\t\t\t<div class=\"elementor-column elementor-col-100 elementor-top-column elementor-element elementor-element-d8e1b18\" data-id=\"d8e1b18\" data-element_type=\"column\" data-e-type=\"column\">\n\t\t\t<div class=\"elementor-widget-wrap elementor-element-populated\">\n\t\t\t\t\t\t<div class=\"elementor-element elementor-element-8a45221 elementor-widget elementor-widget-spacer\" data-id=\"8a45221\" data-element_type=\"widget\" data-e-type=\"widget\" data-widget_type=\"spacer.default\">\n\t\t\t\t<div class=\"elementor-widget-container\">\n\t\t\t\t\t\t\t<div class=\"elementor-spacer\">\n\t\t\t<div class=\"elementor-spacer-inner\"><\/div>\n\t\t<\/div>\n\t\t\t\t\t\t<\/div>\n\t\t\t\t<\/div>\n\t\t\t\t\t<\/div>\n\t\t<\/div>\n\t\t\t\t\t<\/div>\n\t\t<\/section>\n\t\t\t\t<section class=\"elementor-section elementor-top-section elementor-element elementor-element-1c2afa4 elementor-section-boxed elementor-section-height-default elementor-section-height-default\" data-id=\"1c2afa4\" data-element_type=\"section\" data-e-type=\"section\">\n\t\t\t\t\t\t<div class=\"elementor-container elementor-column-gap-default\">\n\t\t\t\t\t<div class=\"elementor-column elementor-col-100 elementor-top-column elementor-element elementor-element-169016c\" data-id=\"169016c\" data-element_type=\"column\" data-e-type=\"column\">\n\t\t\t<div class=\"elementor-widget-wrap elementor-element-populated\">\n\t\t\t\t\t\t<div class=\"elementor-element elementor-element-00105b5 elementor-grid-eael-col-2 elementor-widget__width-initial elementor-grid-tablet-eael-col-2 elementor-grid-mobile-eael-col-1 elementor-widget elementor-widget-eael-post-grid\" data-id=\"00105b5\" data-element_type=\"widget\" data-e-type=\"widget\" data-settings=\"{&quot;eael_post_grid_columns&quot;:&quot;eael-col-2&quot;,&quot;eael_post_grid_columns_tablet&quot;:&quot;eael-col-2&quot;,&quot;eael_post_grid_columns_mobile&quot;:&quot;eael-col-1&quot;}\" data-widget_type=\"eael-post-grid.default\">\n\t\t\t\t<div class=\"elementor-widget-container\">\n\t\t\t\t\t<div id=\"eael-post-grid-00105b5\" class=\"eael-post-grid-container\">\n            <div class=\"eael-post-grid eael-post-appender eael-post-appender-00105b5 eael-post-grid-style-three\" data-layout-mode=\"masonry\"><article class=\"eael-grid-post  eael-post-grid-column eael-pg-post-2217 category-uncategorized\" data-id=\"2217\">\n        <div class=\"eael-grid-post-holder\">\n            <div class=\"eael-grid-post-holder-inner\"><div class=\"eael-entry-wrapper\"><header class=\"eael-entry-header\"><h3 class=\"eael-entry-title\"><a class=\"eael-grid-post-link\" href=\"https:\/\/web.urobosque.com\/web\/perdida-de-orina-una-condicion-frecuente-que-si-tiene-solucion\/\" title=\"P\u00e9rdida de orina: una condici\u00f3n frecuente que s\u00ed tiene soluci\u00f3n\">P\u00e9rdida de orina: una condici\u00f3n frecuente que s\u00ed tiene soluci\u00f3n<\/a><\/h3><\/header><div class=\"eael-entry-content\">\n                        <div class=\"eael-grid-post-excerpt\"><a href=\"https:\/\/web.urobosque.com\/web\/perdida-de-orina-una-condicion-frecuente-que-si-tiene-solucion\/\" class=\"eael-post-elements-readmore-btn\">Leer m\u00e1s<\/a><\/div>\n                    <\/div><\/div><\/div>\n        <\/div>\n    <\/article><article class=\"eael-grid-post  eael-post-grid-column eael-pg-post-2211 category-uncategorized\" data-id=\"2211\">\n        <div class=\"eael-grid-post-holder\">\n            <div class=\"eael-grid-post-holder-inner\"><div class=\"eael-entry-wrapper\"><header class=\"eael-entry-header\"><h3 class=\"eael-entry-title\"><a class=\"eael-grid-post-link\" href=\"https:\/\/web.urobosque.com\/web\/elementor-2211\/\" title=\"Infecci\u00f3n urinaria consulta a tiempo y evita complicaciones\">Infecci\u00f3n urinaria consulta a tiempo y evita complicaciones<\/a><\/h3><\/header><div class=\"eael-entry-content\">\n                        <div class=\"eael-grid-post-excerpt\"><a href=\"https:\/\/web.urobosque.com\/web\/elementor-2211\/\" class=\"eael-post-elements-readmore-btn\">Leer m\u00e1s<\/a><\/div>\n                    <\/div><\/div><\/div>\n        <\/div>\n    <\/article><article class=\"eael-grid-post  eael-post-grid-column eael-pg-post-1868 category-uncategorized tags-calculos-renales-calculos-ureterales-calculos-vesicales-cirugia-de-calculos-cirugia-percutanea-cirugia-renal-dieta-calculos-nefrolitotomia-rinon-ureter-ureterolitotomia-vejiga\" data-id=\"1868\">\n        <div class=\"eael-grid-post-holder\">\n            <div class=\"eael-grid-post-holder-inner\"><div class=\"eael-entry-media\"><div class=\"eael-entry-overlay fade-in\"><i class=\"fas fa-long-arrow-alt-right\" aria-hidden=\"true\"><\/i><a href=\"https:\/\/web.urobosque.com\/web\/lo-que-debes-saber-sobre-los-calculos-renales-prevencion-sintomas-y-tratamientos-efectivos\/\"><\/a><\/div><div class=\"eael-entry-thumbnail \">\n                 <img decoding=\"async\" width=\"300\" height=\"85\" src=\"https:\/\/web.urobosque.com\/web\/wp-content\/uploads\/2025\/09\/Litiasis-300x85.png\" class=\"attachment-medium size-medium wp-image-1913\" alt=\"\" srcset=\"https:\/\/web.urobosque.com\/web\/wp-content\/uploads\/2025\/09\/Litiasis-300x85.png 300w, https:\/\/web.urobosque.com\/web\/wp-content\/uploads\/2025\/09\/Litiasis-768x218.png 768w, https:\/\/web.urobosque.com\/web\/wp-content\/uploads\/2025\/09\/Litiasis.png 1024w\" sizes=\"(max-width: 300px) 100vw, 300px\" \/>\n             <\/div>\n        <\/div><div class=\"eael-entry-wrapper\"><header class=\"eael-entry-header\"><h3 class=\"eael-entry-title\"><a class=\"eael-grid-post-link\" href=\"https:\/\/web.urobosque.com\/web\/lo-que-debes-saber-sobre-los-calculos-renales-prevencion-sintomas-y-tratamientos-efectivos\/\" title=\"Lo que Debes Saber sobre los C\u00e1lculos Renales: Prevenci\u00f3n, S\u00edntomas y Tratamientos Efectivos\">Lo que Debes Saber sobre los C\u00e1lculos Renales: Prevenci\u00f3n, S\u00edntomas y Tratamientos Efectivos<\/a><\/h3><\/header><div class=\"eael-entry-content\">\n                        <div class=\"eael-grid-post-excerpt\"><a href=\"https:\/\/web.urobosque.com\/web\/lo-que-debes-saber-sobre-los-calculos-renales-prevencion-sintomas-y-tratamientos-efectivos\/\" class=\"eael-post-elements-readmore-btn\">Leer m\u00e1s<\/a><\/div>\n                    <\/div><\/div><\/div>\n        <\/div>\n    <\/article><article class=\"eael-grid-post  eael-post-grid-column eael-pg-post-1866 category-uncategorized tags-antigeno-prostatico-ardor-para-orina-bloqueadores-alfa-calidad-de-vida-chorro-debil-chorro-intermitente-cirugia-de-prostata-dificultad-para-orinar-nocturia-prostata-pujo-reseccion-transuretral-de-prostata-saw-palmetto-tamsulosina-tenesmo-urgencia-miccional\" data-id=\"1866\">\n        <div class=\"eael-grid-post-holder\">\n            <div class=\"eael-grid-post-holder-inner\"><div class=\"eael-entry-media\"><div class=\"eael-entry-overlay fade-in\"><i class=\"fas fa-long-arrow-alt-right\" aria-hidden=\"true\"><\/i><a href=\"https:\/\/web.urobosque.com\/web\/lo-que-necesitas-sobre-la-salud-de-la-prostata-prevencion-sintomas-y-tratamiento\/\"><\/a><\/div><div class=\"eael-entry-thumbnail \">\n                 <img decoding=\"async\" width=\"300\" height=\"85\" src=\"https:\/\/web.urobosque.com\/web\/wp-content\/uploads\/2025\/09\/blog-prostata-300x85.jpg\" class=\"attachment-medium size-medium wp-image-1960\" alt=\"\" srcset=\"https:\/\/web.urobosque.com\/web\/wp-content\/uploads\/2025\/09\/blog-prostata-300x85.jpg 300w, https:\/\/web.urobosque.com\/web\/wp-content\/uploads\/2025\/09\/blog-prostata-768x218.jpg 768w, https:\/\/web.urobosque.com\/web\/wp-content\/uploads\/2025\/09\/blog-prostata.jpg 1024w\" sizes=\"(max-width: 300px) 100vw, 300px\" \/>\n             <\/div>\n        <\/div><div class=\"eael-entry-wrapper\"><header class=\"eael-entry-header\"><h3 class=\"eael-entry-title\"><a class=\"eael-grid-post-link\" href=\"https:\/\/web.urobosque.com\/web\/lo-que-necesitas-sobre-la-salud-de-la-prostata-prevencion-sintomas-y-tratamiento\/\" title=\"Lo que Necesitas Sobre la Salud de la Pr\u00f3stata: Prevenci\u00f3n, S\u00edntomas y Tratamiento\">Lo que Necesitas Sobre la Salud de la Pr\u00f3stata: Prevenci\u00f3n, S\u00edntomas y Tratamiento<\/a><\/h3><\/header><div class=\"eael-entry-content\">\n                        <div class=\"eael-grid-post-excerpt\"><a href=\"https:\/\/web.urobosque.com\/web\/lo-que-necesitas-sobre-la-salud-de-la-prostata-prevencion-sintomas-y-tratamiento\/\" class=\"eael-post-elements-readmore-btn\">Leer m\u00e1s<\/a><\/div>\n                    <\/div><\/div><\/div>\n        <\/div>\n    <\/article><article class=\"eael-grid-post  eael-post-grid-column eael-pg-post-1864 category-uncategorized tags-biopsia-de-prostata\" data-id=\"1864\">\n        <div class=\"eael-grid-post-holder\">\n            <div class=\"eael-grid-post-holder-inner\"><div class=\"eael-entry-media\"><div class=\"eael-entry-overlay fade-in\"><i class=\"fas fa-long-arrow-alt-right\" aria-hidden=\"true\"><\/i><a href=\"https:\/\/web.urobosque.com\/web\/todo-lo-que-necesitas-saber-sobre-la-biopsia-de-prostata\/\"><\/a><\/div><div class=\"eael-entry-thumbnail \">\n                 <img loading=\"lazy\" decoding=\"async\" width=\"300\" height=\"85\" src=\"https:\/\/web.urobosque.com\/web\/wp-content\/uploads\/2025\/08\/bx-300x85.png\" class=\"attachment-medium size-medium wp-image-1911\" alt=\"\" srcset=\"https:\/\/web.urobosque.com\/web\/wp-content\/uploads\/2025\/08\/bx-300x85.png 300w, https:\/\/web.urobosque.com\/web\/wp-content\/uploads\/2025\/08\/bx-768x218.png 768w, https:\/\/web.urobosque.com\/web\/wp-content\/uploads\/2025\/08\/bx.png 1024w\" sizes=\"(max-width: 300px) 100vw, 300px\" \/>\n             <\/div>\n        <\/div><div class=\"eael-entry-wrapper\"><header class=\"eael-entry-header\"><h3 class=\"eael-entry-title\"><a class=\"eael-grid-post-link\" href=\"https:\/\/web.urobosque.com\/web\/todo-lo-que-necesitas-saber-sobre-la-biopsia-de-prostata\/\" title=\"Todo lo que Necesitas Saber sobre la Biopsia de Pr\u00f3stata\">Todo lo que Necesitas Saber sobre la Biopsia de Pr\u00f3stata<\/a><\/h3><\/header><div class=\"eael-entry-content\">\n                        <div class=\"eael-grid-post-excerpt\"><a href=\"https:\/\/web.urobosque.com\/web\/todo-lo-que-necesitas-saber-sobre-la-biopsia-de-prostata\/\" class=\"eael-post-elements-readmore-btn\">Leer m\u00e1s<\/a><\/div>\n                    <\/div><\/div><\/div>\n        <\/div>\n    <\/article><article class=\"eael-grid-post  eael-post-grid-column eael-pg-post-1849 category-incontinencia-urinaria tags-antimuscarinicos-cabestrillo-calidad-de-vida-cirugia-de-incontinencia-cistocele-cistoscopia-incontinencia-de-esfuerzos-incontinencia-de-urgencia-incontinencia-urinaria-panales-prolapso-sling-urgencia-miccional-uroginecologia-urologia-vejiga\" data-id=\"1849\">\n        <div class=\"eael-grid-post-holder\">\n            <div class=\"eael-grid-post-holder-inner\"><div class=\"eael-entry-media\"><div class=\"eael-entry-overlay fade-in\"><i class=\"fas fa-long-arrow-alt-right\" aria-hidden=\"true\"><\/i><a href=\"https:\/\/web.urobosque.com\/web\/todo-lo-que-debes-saber-sobre-la-incontinencia-urinaria\/\"><\/a><\/div><div class=\"eael-entry-thumbnail \">\n                 <img loading=\"lazy\" decoding=\"async\" width=\"300\" height=\"85\" src=\"https:\/\/web.urobosque.com\/web\/wp-content\/uploads\/2025\/08\/incontinencia-300x85.png\" class=\"attachment-medium size-medium wp-image-1906\" alt=\"\" srcset=\"https:\/\/web.urobosque.com\/web\/wp-content\/uploads\/2025\/08\/incontinencia-300x85.png 300w, https:\/\/web.urobosque.com\/web\/wp-content\/uploads\/2025\/08\/incontinencia-768x218.png 768w, https:\/\/web.urobosque.com\/web\/wp-content\/uploads\/2025\/08\/incontinencia.png 1024w\" sizes=\"(max-width: 300px) 100vw, 300px\" \/>\n             <\/div>\n        <\/div><div class=\"eael-entry-wrapper\"><header class=\"eael-entry-header\"><h3 class=\"eael-entry-title\"><a class=\"eael-grid-post-link\" href=\"https:\/\/web.urobosque.com\/web\/todo-lo-que-debes-saber-sobre-la-incontinencia-urinaria\/\" title=\"Todo lo que Debes Saber sobre la Incontinencia Urinaria\">Todo lo que Debes Saber sobre la Incontinencia Urinaria<\/a><\/h3><\/header><div class=\"eael-entry-content\">\n                        <div class=\"eael-grid-post-excerpt\"><a href=\"https:\/\/web.urobosque.com\/web\/todo-lo-que-debes-saber-sobre-la-incontinencia-urinaria\/\" class=\"eael-post-elements-readmore-btn\">Leer m\u00e1s<\/a><\/div>\n                    <\/div><\/div><\/div>\n        <\/div>\n    <\/article><\/div>\n            <div class=\"clearfix\"><\/div>\n        <\/div>\t\t\t\t<\/div>\n\t\t\t\t<\/div>\n\t\t\t\t\t<\/div>\n\t\t<\/div>\n\t\t\t\t\t<\/div>\n\t\t<\/section>\n\t\t\t\t<section class=\"elementor-section elementor-top-section elementor-element elementor-element-93fd46d elementor-section-boxed elementor-section-height-default elementor-section-height-default\" data-id=\"93fd46d\" data-element_type=\"section\" data-e-type=\"section\">\n\t\t\t\t\t\t<div class=\"elementor-container elementor-column-gap-default\">\n\t\t\t\t\t<div class=\"elementor-column elementor-col-100 elementor-top-column elementor-element elementor-element-19493d5\" data-id=\"19493d5\" data-element_type=\"column\" data-e-type=\"column\">\n\t\t\t<div class=\"elementor-widget-wrap elementor-element-populated\">\n\t\t\t\t\t\t<div class=\"elementor-element elementor-element-3cf67af elementor-widget elementor-widget-spacer\" data-id=\"3cf67af\" data-element_type=\"widget\" data-e-type=\"widget\" data-widget_type=\"spacer.default\">\n\t\t\t\t<div class=\"elementor-widget-container\">\n\t\t\t\t\t\t\t<div class=\"elementor-spacer\">\n\t\t\t<div class=\"elementor-spacer-inner\"><\/div>\n\t\t<\/div>\n\t\t\t\t\t\t<\/div>\n\t\t\t\t<\/div>\n\t\t\t\t\t<\/div>\n\t\t<\/div>\n\t\t\t\t\t<\/div>\n\t\t<\/section>\n\t\t\t\t<\/div>\n\t\t","protected":false},"excerpt":{"rendered":"<p>P\u00e9rdida de orina: una condici\u00f3n frecuente que s\u00ed tiene soluci\u00f3n Leer m\u00e1s Infecci\u00f3n urinaria consulta a tiempo y evita complicaciones Leer m\u00e1s Lo que Debes Saber sobre los C\u00e1lculos Renales: Prevenci\u00f3n, S\u00edntomas y Tratamientos Efectivos Leer m\u00e1s Lo que Necesitas Sobre la Salud de la Pr\u00f3stata: Prevenci\u00f3n, S\u00edntomas y Tratamiento Leer m\u00e1s Todo lo que [&hellip;]<\/p>\n","protected":false},"author":1,"featured_media":0,"parent":0,"menu_order":0,"comment_status":"closed","ping_status":"closed","template":"","meta":{"footnotes":""},"class_list":["post-1870","page","type-page","status-publish","hentry","entry","has-media"],"_links":{"self":[{"href":"https:\/\/web.urobosque.com\/web\/wp-json\/wp\/v2\/pages\/1870","targetHints":{"allow":["GET"]}}],"collection":[{"href":"https:\/\/web.urobosque.com\/web\/wp-json\/wp\/v2\/pages"}],"about":[{"href":"https:\/\/web.urobosque.com\/web\/wp-json\/wp\/v2\/types\/page"}],"author":[{"embeddable":true,"href":"https:\/\/web.urobosque.com\/web\/wp-json\/wp\/v2\/users\/1"}],"replies":[{"embeddable":true,"href":"https:\/\/web.urobosque.com\/web\/wp-json\/wp\/v2\/comments?post=1870"}],"version-history":[{"count":30,"href":"https:\/\/web.urobosque.com\/web\/wp-json\/wp\/v2\/pages\/1870\/revisions"}],"predecessor-version":[{"id":2248,"href":"https:\/\/web.urobosque.com\/web\/wp-json\/wp\/v2\/pages\/1870\/revisions\/2248"}],"wp:attachment":[{"href":"https:\/\/web.urobosque.com\/web\/wp-json\/wp\/v2\/media?parent=1870"}],"curies":[{"name":"wp","href":"https:\/\/api.w.org\/{rel}","templated":true}]}}